{"id":69,"date":"2018-10-06T08:36:23","date_gmt":"2018-10-06T11:36:23","guid":{"rendered":"http:\/\/sindipetrolp.org.br\/60anos\/home\/"},"modified":"2021-12-19T21:22:07","modified_gmt":"2021-12-20T00:22:07","slug":"inicio","status":"publish","type":"page","link":"https:\/\/sindipetrolp.org.br\/memoria\/","title":{"rendered":"IN\u00cdCIO"},"content":{"rendered":"\t\t<div data-elementor-type=\"wp-post\" data-elementor-id=\"69\" class=\"elementor elementor-69\" data-elementor-settings=\"[]\">\n\t\t\t\t\t\t<div class=\"elementor-inner\">\n\t\t\t\t\t\t\t<div class=\"elementor-section-wrap\">\n\t\t\t\t\t\t\t<section class=\"elementor-section elementor-top-section elementor-element elementor-element-4db9f42 elementor-section-stretched elementor-section-full_width elementor-section-height-default elementor-section-height-default\" data-id=\"4db9f42\" data-element_type=\"section\" data-settings=\"{&quot;stretch_section&quot;:&quot;section-stretched&quot;}\">\n\t\t\t\t\t\t\t<div class=\"elementor-background-overlay\"><\/div>\n\t\t\t\t\t\t\t<div class=\"elementor-container elementor-column-gap-no\">\n\t\t\t\t\t\t\t<div class=\"elementor-row\">\n\t\t\t\t\t<div class=\"elementor-column elementor-col-100 elementor-top-column elementor-element elementor-element-2a19a5f\" data-id=\"2a19a5f\" data-element_type=\"column\">\n\t\t\t<div class=\"elementor-column-wrap elementor-element-populated\">\n\t\t\t\t\t\t\t<div class=\"elementor-widget-wrap\">\n\t\t\t\t\t\t<div class=\"elementor-element elementor-element-ef92d44 elementor--h-position-center elementor--v-position-middle elementor-pagination-position-inside elementor-widget elementor-widget-slides\" data-id=\"ef92d44\" data-element_type=\"widget\" data-settings=\"{&quot;navigation&quot;:&quot;dots&quot;,&quot;autoplay&quot;:&quot;yes&quot;,&quot;pause_on_interaction&quot;:&quot;yes&quot;,&quot;autoplay_speed&quot;:5000,&quot;infinite&quot;:&quot;yes&quot;,&quot;transition&quot;:&quot;slide&quot;,&quot;transition_speed&quot;:500}\" data-widget_type=\"slides.default\">\n\t\t\t\t<div class=\"elementor-widget-container\">\n\t\t\t\t\t<div class=\"elementor-swiper\">\n\t\t\t<div class=\"elementor-slides-wrapper elementor-main-swiper swiper-container\" dir=\"ltr\" data-animation=\"\">\n\t\t\t\t<div class=\"swiper-wrapper elementor-slides\">\n\t\t\t\t\t\t\t\t\t\t<div class=\"elementor-repeater-item-2f3d915 swiper-slide\"><div class=\"swiper-slide-bg elementor-ken-burns elementor-ken-burns--in\"><\/div><div class=\"elementor-background-overlay\"><\/div><div class=\"swiper-slide-inner\" ><div class=\"swiper-slide-contents\"><div class=\"elementor-slide-heading\">ANOS 1950<\/div><div class=\"elementor-slide-description\">Nos anos 1940, a luta pelo petr\u00f3leo se acirra; nos anos 1950, a vit\u00f3ria se consolida<\/div><a href=\"https:\/\/sindipetrolp.org.br\/memoria\/anos-1950\/\" class=\"elementor-button elementor-slide-button elementor-size-lg\">ACESSAR<\/a><\/div><\/div><\/div><div class=\"elementor-repeater-item-6524ab0 swiper-slide\"><div class=\"swiper-slide-bg elementor-ken-burns elementor-ken-burns--in\"><\/div><div class=\"elementor-background-overlay\"><\/div><div class=\"swiper-slide-inner\" ><div class=\"swiper-slide-contents\"><div class=\"elementor-slide-heading\">ANOS 1960<\/div><div class=\"elementor-slide-description\">A reviravolta dram\u00e1tica<\/div><a href=\"https:\/\/sindipetrolp.org.br\/memoria\/anos-1960\/\" class=\"elementor-button elementor-slide-button elementor-size-lg\">ACESSAR<\/a><\/div><\/div><\/div><div class=\"elementor-repeater-item-fcbb6e4 swiper-slide\"><div class=\"swiper-slide-bg elementor-ken-burns elementor-ken-burns--in\"><\/div><div class=\"elementor-background-overlay\"><\/div><div class=\"swiper-slide-inner\" ><div class=\"swiper-slide-contents\"><div class=\"elementor-slide-heading\">ANOS 1970<\/div><div class=\"elementor-slide-description\">Depois da ressaca, a f\u00eanix dos petroleiros<\/div><a href=\"https:\/\/sindipetrolp.org.br\/memoria\/anos-1970\/\" class=\"elementor-button elementor-slide-button elementor-size-lg\">ACESSAR<\/a><\/div><\/div><\/div><div class=\"elementor-repeater-item-f300675 swiper-slide\"><div class=\"swiper-slide-bg elementor-ken-burns elementor-ken-burns--in\"><\/div><div class=\"elementor-background-overlay\"><\/div><div class=\"swiper-slide-inner\" ><div class=\"swiper-slide-contents\"><div class=\"elementor-slide-heading\">ANOS 1980<\/div><div class=\"elementor-slide-description\">Um Sindipetro de massa a servi\u00e7o da categoria e do pa\u00eds<\/div><a href=\"https:\/\/sindipetrolp.org.br\/memoria\/anos-1980\/\" class=\"elementor-button elementor-slide-button elementor-size-lg\">ACESSAR<\/a><\/div><\/div><\/div><div class=\"elementor-repeater-item-2dfb763 swiper-slide\"><div class=\"swiper-slide-bg elementor-ken-burns elementor-ken-burns--in\"><\/div><div class=\"elementor-background-overlay\"><\/div><div class=\"swiper-slide-inner\" ><div class=\"swiper-slide-contents\"><div class=\"elementor-slide-heading\">ANOS 1990<\/div><div class=\"elementor-slide-description\">Duas paradas de produ\u00e7\u00e3o e a maior greve de nossa hist\u00f3ria contra o neoliberalismo<\/div><a href=\"https:\/\/sindipetrolp.org.br\/memoria\/anos-1990\/\" class=\"elementor-button elementor-slide-button elementor-size-lg\">ACESSAR<\/a><\/div><\/div><\/div><div class=\"elementor-repeater-item-af9fce2 swiper-slide\"><div class=\"swiper-slide-bg elementor-ken-burns elementor-ken-burns--in\"><\/div><div class=\"elementor-background-overlay\"><\/div><div class=\"swiper-slide-inner\" ><div class=\"swiper-slide-contents\"><div class=\"elementor-slide-heading\">ANOS 2000<\/div><div class=\"elementor-slide-description\">\"Fim da hist\u00f3ria\"? Dos governos de esquerda ao neofascismo, o s\u00e9culo 21 em disputa<\/div><a href=\"https:\/\/sindipetrolp.org.br\/memoria\/anos-2000\/\" class=\"elementor-button elementor-slide-button elementor-size-lg\">ACESSAR<\/a><\/div><\/div><\/div>\t\t\t\t<\/div>\n\t\t\t\t\t\t\t\t\t\t\t\t\t\t\t<div class=\"swiper-pagination\"><\/div>\n\t\t\t\t\t\t\t\t\t\t\t\t\t\t\t\t\t<\/div>\n\t\t<\/div>\n\t\t\t\t<\/div>\n\t\t\t\t<\/div>\n\t\t\t\t\t\t<\/div>\n\t\t\t\t\t<\/div>\n\t\t<\/div>\n\t\t\t\t\t\t\t\t<\/div>\n\t\t\t\t\t<\/div>\n\t\t<\/section>\n\t\t\t\t<section class=\"elementor-section elementor-top-section elementor-element elementor-element-87345f3 elementor-section-stretched elementor-section-full_width elementor-section-height-default elementor-section-height-default\" data-id=\"87345f3\" data-element_type=\"section\" data-settings=\"{&quot;stretch_section&quot;:&quot;section-stretched&quot;}\">\n\t\t\t\t\t\t\t<div class=\"elementor-background-overlay\"><\/div>\n\t\t\t\t\t\t\t<div class=\"elementor-container elementor-column-gap-no\">\n\t\t\t\t\t\t\t<div class=\"elementor-row\">\n\t\t\t\t\t<div class=\"elementor-column elementor-col-50 elementor-top-column elementor-element elementor-element-d25e7e6\" data-id=\"d25e7e6\" data-element_type=\"column\">\n\t\t\t<div class=\"elementor-column-wrap elementor-element-populated\">\n\t\t\t\t\t\t\t<div class=\"elementor-widget-wrap\">\n\t\t\t\t\t\t<div class=\"elementor-element elementor-element-6d0aa1f elementor--h-position-left elementor--v-position-bottom elementor-widget elementor-widget-slides\" data-id=\"6d0aa1f\" data-element_type=\"widget\" data-settings=\"{&quot;navigation&quot;:&quot;none&quot;,&quot;transition&quot;:&quot;slide&quot;,&quot;transition_speed&quot;:500}\" data-widget_type=\"slides.default\">\n\t\t\t\t<div class=\"elementor-widget-container\">\n\t\t\t\t\t<div class=\"elementor-swiper\">\n\t\t\t<div class=\"elementor-slides-wrapper elementor-main-swiper swiper-container\" dir=\"ltr\" data-animation=\"\">\n\t\t\t\t<div class=\"swiper-wrapper elementor-slides\">\n\t\t\t\t\t\t\t\t\t\t<div class=\"elementor-repeater-item-edbf05b swiper-slide\"><div class=\"swiper-slide-bg elementor-ken-burns elementor-ken-burns--in\"><\/div><div class=\"elementor-background-overlay\"><\/div><div class=\"swiper-slide-inner\" ><div class=\"swiper-slide-contents\"><div class=\"elementor-slide-heading\">TUDO OU NADA<\/div><div class=\"elementor-slide-description\">Assista ao document\u00e1rio produzido em 2018, por ocasi\u00e3o dos 60 anos do Sindipetro-LP<\/div><a href=\"https:\/\/sindipetrolp.org.br\/memoria\/documentario\/\" class=\"elementor-button elementor-slide-button elementor-size-lg\">ASSISTIR<\/a><\/div><\/div><\/div>\t\t\t\t<\/div>\n\t\t\t\t\t\t\t<\/div>\n\t\t<\/div>\n\t\t\t\t<\/div>\n\t\t\t\t<\/div>\n\t\t\t\t\t\t<\/div>\n\t\t\t\t\t<\/div>\n\t\t<\/div>\n\t\t\t\t<div class=\"elementor-column elementor-col-50 elementor-top-column elementor-element elementor-element-f0228cb\" data-id=\"f0228cb\" data-element_type=\"column\">\n\t\t\t<div class=\"elementor-column-wrap elementor-element-populated\">\n\t\t\t\t\t\t\t<div class=\"elementor-widget-wrap\">\n\t\t\t\t\t\t<div class=\"elementor-element elementor-element-1110402 elementor--h-position-left elementor--v-position-bottom elementor-widget elementor-widget-slides\" data-id=\"1110402\" data-element_type=\"widget\" data-settings=\"{&quot;navigation&quot;:&quot;none&quot;,&quot;transition&quot;:&quot;slide&quot;,&quot;transition_speed&quot;:500}\" data-widget_type=\"slides.default\">\n\t\t\t\t<div class=\"elementor-widget-container\">\n\t\t\t\t\t<div class=\"elementor-swiper\">\n\t\t\t<div class=\"elementor-slides-wrapper elementor-main-swiper swiper-container\" dir=\"ltr\" data-animation=\"\">\n\t\t\t\t<div class=\"swiper-wrapper elementor-slides\">\n\t\t\t\t\t\t\t\t\t\t<div class=\"elementor-repeater-item-edbf05b swiper-slide\"><div class=\"swiper-slide-bg elementor-ken-burns elementor-ken-burns--in\"><\/div><div class=\"elementor-background-overlay\"><\/div><div class=\"swiper-slide-inner\" ><div class=\"swiper-slide-contents\"><div class=\"elementor-slide-heading\">DEPOIMENTOS<\/div><div class=\"elementor-slide-description\">Confira depoimentos em v\u00eddeo com personagens hist\u00f3ricos do Sindipetro-LP.<\/div><a href=\"https:\/\/sindipetrolp.org.br\/memoria\/depoimentos\/\" class=\"elementor-button elementor-slide-button elementor-size-lg\">ASSISTIR<\/a><\/div><\/div><\/div>\t\t\t\t<\/div>\n\t\t\t\t\t\t\t<\/div>\n\t\t<\/div>\n\t\t\t\t<\/div>\n\t\t\t\t<\/div>\n\t\t\t\t\t\t<\/div>\n\t\t\t\t\t<\/div>\n\t\t<\/div>\n\t\t\t\t\t\t\t\t<\/div>\n\t\t\t\t\t<\/div>\n\t\t<\/section>\n\t\t\t\t\t\t<\/div>\n\t\t\t\t\t\t<\/div>\n\t\t\t\t\t<\/div>\n\t\t","protected":false},"excerpt":{"rendered":"<p>ANOS 1950Nos anos 1940, a luta pelo petr\u00f3leo se acirra; nos anos 1950, a vit\u00f3ria se consolidaACESSARANOS 1960A reviravolta dram\u00e1ticaACESSARANOS 1970Depois da ressaca, a f\u00eanix dos petroleirosACESSARANOS 1980Um Sindipetro de massa a servi\u00e7o da categoria e do pa\u00edsACESSARANOS 1990Duas paradas de produ\u00e7\u00e3o e a maior greve de nossa hist\u00f3ria contra o neoliberalismoACESSARANOS 2000&#8243;Fim da hist\u00f3ria&#8221;? [&hellip;]<\/p>\n","protected":false},"author":1,"featured_media":0,"parent":0,"menu_order":0,"comment_status":"closed","ping_status":"closed","template":"","meta":[],"acf":[],"_links":{"self":[{"href":"https:\/\/sindipetrolp.org.br\/memoria\/wp-json\/wp\/v2\/pages\/69"}],"collection":[{"href":"https:\/\/sindipetrolp.org.br\/memoria\/wp-json\/wp\/v2\/pages"}],"about":[{"href":"https:\/\/sindipetrolp.org.br\/memoria\/wp-json\/wp\/v2\/types\/page"}],"author":[{"embeddable":true,"href":"https:\/\/sindipetrolp.org.br\/memoria\/wp-json\/wp\/v2\/users\/1"}],"replies":[{"embeddable":true,"href":"https:\/\/sindipetrolp.org.br\/memoria\/wp-json\/wp\/v2\/comments?post=69"}],"version-history":[{"count":54,"href":"https:\/\/sindipetrolp.org.br\/memoria\/wp-json\/wp\/v2\/pages\/69\/revisions"}],"predecessor-version":[{"id":1235,"href":"https:\/\/sindipetrolp.org.br\/memoria\/wp-json\/wp\/v2\/pages\/69\/revisions\/1235"}],"wp:attachment":[{"href":"https:\/\/sindipetrolp.org.br\/memoria\/wp-json\/wp\/v2\/media?parent=69"}],"curies":[{"name":"wp","href":"https:\/\/api.w.org\/{rel}","templated":true}]}}